12400?
True
Does 10 divide 640?
True
Does 35 divide 9955?
False
Is 119 a multiple of 7?
True
Is 43877 a multiple of 17?
True
Is 10 a factor of 872?
False
Is 10 a factor of 884?
False
Is 48 a factor of 37481?
False
Is 252 a multiple of 5?
False
Is 12 a factor of 900?
True
Is 810 a multiple of 45?
True
Is 14 a factor of 4208?
False
Does 8 divide 320?
True
Is 2160 a multiple of 144?
True
Is 3523 a multiple of 13?
True
Does 90 divide 270?
True
Is 854 a multiple of 37?
False
Is 6916 a multiple of 76?
True
Is 5297 a multiple of 23?
False
Is 101 a factor of 1818?
True
Does 52 divide 87568?
True
Is 20 a factor of 754?
False
Is 1014 a multiple of 96?
False
Is 97422 a multiple of 49?
False
Is 2267 a multiple of 10?
False
Does 12 divide 522?
False
Is 50 a factor of 700?
True
Is 173 a factor of 2432?
False
Does 9 divide 261?
True
Is 3 a factor of 9451?
False
Is 42435 a multiple of 9?
True
Does 30 divide 42300?
True
Is 39 a factor of 21372?
True
Is 180 a multiple of 10?
True
Is 187 a factor of 32090?
False
Is 13 a factor of 15574?
True
Is 986 a multiple of 34?
True
Does 42 divide 179?
False
Is 13767 a multiple of 71?
False
Is 43 a factor of 8815?
True
Is 17 a multiple of 5?
False
Does 80 divide 107120?
True
Is 31230 a multiple of 9?
True
Is 16770 a multiple of 43?
True
Is 408 a multiple of 34?
True
Is 68 a factor of 26884?
False
Is 12 a factor of 3048?
True
Does 8 divide 15569?
False
Does 95 divide 95?
True
Is 53 a factor of 54961?
True
Is 14 a factor of 1499?
False
Is 1378 a multiple of 53?
True
Is 11 a factor of 1073?
False
Is 14 a factor of 1539?
False
Does 186 divide 55509?
False
Is 2 a factor of 56?
True
Does 15 divide 3060?
True
Does 44 divide 594?
False
Is 1834 a multiple of 61?
False
Does 75 divide 9451?
False
Is 6 a factor of 1158?
True
Is 71 a factor of 24566?
True
Is 10 a factor of 1085?
False
Is 47705 a multiple of 29?
True
Does 13 divide 4225?
True
Is 277 a multiple of 31?
False
Is 71649 a multiple of 28?
False
Is 1107 a multiple of 27?
True
Is 35 a factor of 5968?
False
Is 125 a factor of 12062?
False
Is 1521 a multiple of 13?
True
Is 1035 a multiple of 9?
True
Is 106 a factor of 3842?
False
Does 13 divide 5698?
False
Is 11649 a multiple of 10?
False
Is 26 a factor of 73527?
False
Does 26 divide 10697?
False
Is 1406 a multiple of 37?
True
Is 93 a factor of 12483?
False
Is 29 a factor of 447?
False
Does 11 divide 6584?
False
Does 51 divide 825?
False
Is 980 a multiple of 155?
False
Is 398 a multiple of 13?
False
Is 41 a factor of 19803?
True
Is 10920 a multiple of 130?
True
Does 8 divide 776?
True
Is 18522 a multiple of 63?
True
Is 5220 a multiple of 145?
True
Is 903 a multiple of 40?
False
Is 1126 a multiple of 130?
False
Does 65 divide 520?
True
Is 7934 a multiple of 21?
False
Is 48 a factor of 32064?
True
Does 43 divide 602?
True
Is 92 a factor of 29808?
True
Is 20 a factor of 837?
False
Is 14 a factor of 14736?
False
Does 80 divide 478?
False
Is 89 a factor of 19847?
True
Does 259 divide 12217?
False
Is 14 a factor of 420?
True
Is 141 a multiple of 69?
False
Does 52 divide 2832?
False
Is 1192 a multiple of 36?
False
Is 16 a factor of 612?
False
Is 2356 a multiple of 31?
True
Is 10560 a multiple of 15?
True
Is 2 a factor of 1198?
True
Is 98 a factor of 93740?
False
Is 1549 a multiple of 7?
False
Is 1444 a multiple of 3?
False
Is 3 a factor of 369?
True
Does 48 divide 672?
True
Is 15 a factor of 5280?
True
Is 35356 a multiple of 49?
False
Is 71 a factor of 568?
True
Is 36 a multiple of 18?
True
Does 11 divide 40707?
False
Is 9 a factor of 16632?
True
Does 235 divide 53110?
True
Does 55 divide 4895?
True
Is 3696 a multiple of 132?
True
Does 5 divide 733?
False
Does 22 divide 43?
False
Is 27 a factor of 41761?
False
Does 68 divide 1031?
False
Is 33 a factor of 24948?
True
Is 3 a factor of 196?
False
Does 11 divide 276?
False
Does 8 divide 2880?
True
Is 46 a factor of 76682?
True
Is 2 a factor of 289?
False
Is 10842 a multiple of 238?
False
Is 56 a factor of 2296?
True
Does 126 divide 17262?
True
Is 30 a factor of 720?
True
Is 2 a factor of 131?
False
Does 70 divide 8592?
False
Is 165 a multiple of 9?
False
Is 15 a factor of 54649?
False
Does 10 divide 80?
True
Is 1152 a multiple of 48?
True
Is 18 a factor of 39200?
False
Is 18 a factor of 2973?
False
Does 21 divide 6700?
False
Does 33 divide 11484?
True
Is 1671 a multiple of 5?
False
Does 66 divide 1527?
False
Is 9 a factor of 26907?
False
Is 24 a factor of 792?
True
Is 22 a factor of 705?
False
Is 55 a factor of 1354?
False
Is 13 a factor of 1881?
False
Is 209 a factor of 11414?
False
Is 277 a multiple of 4?
False
Is 20 a factor of 2032?
False
Is 297 a multiple of 9?
True
Is 474 a multiple of 10?
False
Is 21 a factor of 613?
False
Is 2422 a multiple of 24?
False
Does 91 divide 14924?
True
Is 157 a factor of 13114?
False
Is 7 a factor of 6067?
False
Does 9 divide 285?
False
Is 8 a factor of 7408?
True
Does 12 divide 304?
False
Is 12 a factor of 78?
False
Does 74 divide 1754?
False
Is 27 a factor of 81?
True
Does 49 divide 20238?
False
Does 14 divide 287?
False
Is 4389 a multiple of 7?
True
Is 9178 a multiple of 13?
True
Does 253 divide 197388?
False
Is 1234 a multiple of 88?
False
Does 13 divide 2834?
True
Is 24565 a multiple of 23?
False
Is 10 a factor of 5502?
False
Is 229 a multiple of 36?
False
Does 299 divide 8594?
False
Is 250 a factor of 22750?
True
Is 18 a factor of 720?
True
Is 87 a multiple of 19?
False
Is 784 even?
True
Is 14 a factor of 1816?
False
Is 6 a factor of 136?
False
Is 4 a factor of 251?
False
Does 12 divide 12396?
True
Is 6 a factor of 876?
True
Is 41824 a multiple of 5?
False
Does 15 divide 4470?
True
Does 62 divide 4717?
False
Is 113 a factor of 6411?
False
Is 35 a multiple of 7?
True
Is 5167 a multiple of 26?
False
Is 12 a factor of 38617?
False
Is 14 a factor of 266?
True
Does 9 divide 58670?
False
Is 871 a multiple of 13?
True
Does 11 divide 517?
True
Is 20 a factor of 1400?
True
Is 71588 a multiple of 44?
True
Is 85 a factor of 6016?
False
Does 9 divide 4996?
False
Is 58535 a multiple of 9?
False
Does 63 divide 19719?
True
Does 15 divide 1995?
True
Is 21456 a multiple of 16?
True
Does 28 divide 25144?
True
Is 38038 a multiple of 266?
True
Does 3 divide 1419?
True
Does 2 divide 1599?
False
Is 574 a multiple of 30?
False
Is 1008 a multiple of 28?
True
Is 42 a factor of 3696?
True
Does 15 divide 11352?
False
Is 21 a factor of 464?
False
Does 57 divide 5917?
False
Does 3 divide 945?
True
Is 9 a factor of 328?
False
Does 22 divide 792?
True
Is 43 a factor of 1033?
False
Does 14 divide 40684?
True
Is 2 a factor of 1868?
True
Does 68 divide 5100?
True
Does 23 divide 40572?
True
Does 90 divide 8820?
True
Does 5 divide 4201?
False
Is 6680 a multiple of 8?
True
Is 6 a factor of 286?
False
Is 15 a factor of 3000?
True
Does 108 divide 78192?
True
Is 13 a factor of 280?
False
Is 483 a multiple of 21?
True
Is 43 a factor of 2494?
True
Is 2 a factor of 904?
True
Is 427 a multiple of 264?
False
Is 38 a factor of 32878?
False
Is 10 a factor of 18220?
True
Is 41078 a multiple of 20?
False
Is 9 a factor of 1575?
True
Is 2181 a multiple of 3?
True
Does 10 divide 16382?
False
Is 12 a factor of 43568?
False
Is 4 a factor of 7022?
False
Is 11 a factor of 87?
False
Is 861 a multiple of 88?
False
Is 7690 a multiple of 10?
True
Is 4902 a multiple of 9?
False
Is 79240 a multiple of 14?
True
Is 12 a factor of 57571?
False
Does 43 divide 399?
False
Is 4568 a multiple of 51?
False
Does 6 divide 6186?
True
Is 17 a factor of 51?
True
Does 18 divide 5616?
True
Is 6 a factor of 864?
True
Does 13 divide 9802?
True
Is 9 a factor of 401?
False
Is 8 a factor of 1241?
False
Is 47941 a multiple of 194?
False
Is 7416 a multiple of 9?
True
Is 903 a multiple of 21?
True
Does 2 divide 25276?
True
Is 11 a factor of 10326?
False
Is 5386 a multiple of 4?
False
Is 29612 a multiple of 21?
False
Does 38 divide 150698?
False
Is 2 a factor of 28?
True
Is 6336 a multiple of 37?
False
Is 310 a multiple of 5?
True
Does 13 divide 43810?
True
Does 6 divide 1007?
False
Does 23 divide 3841?
True
Is 3918 a multiple of 17?
False
Is 17389 a multiple of 46?
False
Is 10 a factor of 18030?
True
Is 1296 a multiple of 8?
True
Is 10625 a multiple of 5?
True
Is 59 a factor of 58528?
True
Is 1679 a multiple of 4?
False
Is 8715 a